 = -215 + 327. What are the prime factors of j?
2, 7
Let i(l) = -l**2 + 7*l + 3. Suppose 5*m - 17 = 13. Let u be i(m). Suppose -h = -4*h + u. List the prime factors of h.
3
Let t(m) be the third derivative of -m**6/120 - m**5/12 - m**4/24 + m**3/6 - m**2. What are the prime factors of t(-5)?
2, 3
Let p(d) = 3*d**2 + 5*d - 3. List the prime factors of p(-4).
5
Let w(x) = -x**3 - 8*x**2 + 13*x - 11. Let b be w(-10). Suppose -q + r = -3*q + b, 2*q = 2*r + 56. List the prime factors of q.
29
Let t(c) = 7*c - 1. Let o be t(3). Suppose 3*u - o = u. What are the prime factors of u?
2, 5
Suppose -7*g - 36 - 41 = 0. Let u = -2 - -5. List the prime factors of g*1*(u - 4).
11
Let u(p) = -p**2 + 6*p - 6. Let y(g) = g**2 - 8*g - 5. Let v = 1 - -8. Let i be y(v). What are the prime factors of u(i)?
2
Let v be (5/(-2))/(2/4). Let d = 8 + v. Let b = 17 - d. List the prime factors of b.
2, 7
Let u(q) = 8*q**3 + q**2. List the prime factors of u(2).
2, 17
List the prime factors of (-24 + 14)*5/((-5)/28).
2, 5, 7
Let f(x) = x**2 + 3*x + 9. What are the prime factors of f(0)?
3
Let p = -84 + 126. Suppose 4*u - 3*w = p, 8*w - 17 = -3*u + 3*w. Let a = u + 0. What are the prime factors of a?
3
List the prime factors of ((-10)/3)/((16/36)/(-2)).
3, 5
List the prime factors of ((-12)/7)/(2 - 816/406).
2, 3, 29
Let t = 33 + -47. Let m = 3 + t. List the prime factors of m/(-1) - (-5 + 7).
3
Suppose i - 5*r - 29 = 0, -i + 5*r + 47 = 2*i. Let y be i/3 + -2 - -2. What are the prime factors of -9*1*(-2)/y?
2, 3
Let n be (1 + -2)/((-2)/4). Suppose 0 = -j + n. List the prime factors of j.
2
Let m(n) = -2*n**3 - 4*n**2 + n. Let z be m(-4). Suppose j = 5*j - z. What are the prime factors of j?
3, 5
Suppose -3*g + 3*w + 0*w + 24 = 0, w = -5. Suppose -d + g*d + 5*c - 15 = 0, 4*d + 3*c - 37 = 0. What are the prime factors of d?
2, 5
Suppose 0 = v + 3*m - 10, 5*m - 14 = -v - 0*m. Let q be (-6 + 0)/(-2) + -1. Suppose -v*p + 18 = -q. List the prime factors of p.
5
Let a(k) = 7*k**2 + 5*k + 2. List the prime factors of a(3).
2, 5
List the prime factors of 42/9*(-60)/(-8).
5, 7
Let q be (-1 + -1 + 0)/(-2). Suppose 0 = j - 2*m + q, -m = 3*j - 5*m - 1. List the prime factors of j.
3
Let j = 61 - 20. Suppose 0*f + 3*l - j = -4*f, 3*l + 43 = 2*f. Suppose -f - 13 = -3*k. What are the prime factors of k?
3
Let i(b) = -6*b - 2. Let c be i(-3). Suppose 3*k - 77 = c. What are the prime factors of k?
31
Let f be (10/4)/(1/6). Let d = f - 7. List the prime factors of d.
2
Suppose 4*z - 66 = -10. Let w = 19 + -19. Suppose -2*j = i - 8, 0 = 3*i + j - w*j - z. What are the prime factors of i?
2
Let l = 47 - 28. Suppose l = 3*h - 5*f, f + 3 = h - 4*f. Suppose g = -0*g + h. What are the prime factors of g?
2
Suppose 0*n = n. Suppose n = 4*p - p. Suppose p = 2*m - 12 - 0. List the prime factors of m.
2, 3
Let v = -23 - -196. What are the prime factors of v?
173
Let z = 4 - 2. Suppose 20 = 2*o + z. What are the prime factors of o?
3
Suppose 11*k - 30*k = -855. What are the prime factors of k?
3, 5
Let w be (-2*1)/((-8)/12). List the prime factors of (3/(-2))/(w/(-44)).
2, 11
Suppose -8*n + 350 = -13*n. Let q = -41 - n. List the prime factors of q.
29
Let f = 14 + -9. Suppose 3*u + 128 = 4*m + 7*u, m - 24 = -f*u. List the prime factors of m.
2, 17
Let s be (-1)/(((-6)/(-4))/(-3)). Let a = -1 - -2. What are the prime factors of a - -1 - (s + -4)?
2
Suppose -c - 33 = -4*c. Suppose 0 = -3*d - 2*j + 42, j - 53 = -3*d - c. List the prime factors of d.
2, 7
Let n = 3 - -1. Suppose u - 55 = -n*i, -3*u + 39 = 3*i - 9. List the prime factors of i.
13
Let h = 181 + -118. What are the prime factors of h?
3, 7
Let m(v) = -v**2 + 16*v. Let d be m(13). Let k = 10 + -7. Suppose -2*c = k*g - 26, 3*c = -2*c - g + d. List the prime factors of c.
7
Suppose 18 = w - 2*w. Let r = w - -43. What are the prime factors of r?
5
Suppose 5*v - 142 - 271 = 3*p, 2*p - 8 = 0. What are the prime factors of v?
5, 17
Suppose -4*y - 3*r = -3*y - 23, -3*y + 30 = -4*r. Let s(m) = m**3 - 2*m**2 - m. Let u be s(4). Suppose -3*d + y + u = 0. List the prime factors of d.
2, 7
Suppose l - 4*l = 0. Let m = l + 12. What are the prime factors of m?
2, 3
Let s(j) = -6 + 1 + 8*j - 4. Let f be s(6). Suppose 4*i - f = 1. List the prime factors of i.
2, 5
Let k be 33/44 + (-621)/(-4). List the prime factors of k/8 + 2/(-4).
19
Let y(p) = -5*p. Let c be y(-1). Suppose -c*n = -8 - 2. Suppose -18 = -2*w + g, -2*w = -0*g - n*g - 16. List the prime factors of w.
2, 5
Suppose -6*y = -955 + 175. What are the prime factors of y?
2, 5, 13
Suppose -d - 38 = -2*d. Let a = d - 17. Let i = -13 + a. What are the prime factors of i?
2
Suppose -5*p + 0*y = y - 15, -3*p + 2*y = -9. Let n be ((-3)/9 + 0)*p. List the prime factors of (n - -2)/((-1)/(-2)).
2
Let q = -31 - -49. Let o = q + 6. List the prime factors of o.
2, 3
List the prime factors of 2*6/(-4) - -32.
29
Suppose -4*b + 12 = -f - 2*b, 7 = -f + b. Let i be (10/4)/(f/(-4)). Let k(n) = -n**3 + 4*n**2 + 5*n + 6. What are the prime factors of k(i)?
2, 3
List the prime factors of -2*3 + 3 + 58.
5, 11
Suppose 4*p = -l + 120, -2*p - l = -7*p + 150. What are the prime factors of p?
2, 3, 5
Let l(a) = 2 + a - 2*a - 9 + 0*a. Let h be l(-8). What are the prime factors of 1/h + 2 + 0?
3
Let x(p) = 2*p**2 - 15*p + 8. List the prime factors of x(10).
2, 29
Suppose k + 99 = 4*k. Let m = 7 + 0. Suppose -k = 4*x - m*x. List the prime factors of x.
11
Let i(y) = y**3 + 9*y**2 + 6*y. Let g be i(-8). What are the prime factors of g/6*66/4?
2, 11
Let o be -2*(-2)/(-8)*-18. Let r be -12*(-2 + 9/6). Let b = o - r. What are the prime factors of b?
3
Let t(x) = 26*x - 1. What are the prime factors of t(11)?
3, 5, 19
Let a(n) = -n**3 - 13*n**2 - 13*n - 5. Let j = -5 - 7. What are the prime factors of a(j)?
7
Let f = -6 - -11. Suppose f*m - 2*m + 4*a = 103, 4*m + 2*a - 124 = 0. What are the prime factors of m?
29
Let k(p) = -3*p + 1. Let n = -13 - -18. Suppose -n*u = -3*u + 10. What are the prime factors of k(u)?
2
Let j = 20 + 41. List the prime factors of j.
61
Let b(z) be the first derivative of 4*z**3/3 + 3. Let y be b(-1). What are the prime factors of y/6 + (-12)/(-9)?
2
Let z(y) = -12*y**2 - y. Let j be z(1). Let r = j + 16. List the prime factors of r.
3
Let g = 28 - -2. What are the prime factors of g?
2, 3, 5
Suppose 4*j = -j + 20. What are the prime factors of -1 - -3 - (2 - j)?
2
Let h = 54 + -14. List the prime factors of h.
2, 5
Let j(y) be the first derivative of y**4/4 + 3*y**3 + 3*y**2 + 12*y - 6. List the prime factors of j(-8).
2, 7
Let f = 3 - -12. Let i be f/(-9) + 1/(-3). List the prime factors of (-1 - i)/(2/4).
2
Suppose 0 = -4*l + 15 + 81. List the prime factors of 9 + -9 - -1*l.
2, 3
Let y(l) = l**2 - l - 1. Let v(k) = -3*k**2 + 8*k + 2. Let j(i) = v(i) + 4*y(i). Let n be j(-3). Let b = n - -15. List the prime factors of b.
2, 5
Let s(g) = g + 3. Let a be s(-2). Let y be a/3 - (-102)/(-9). Let f = y + 23. What are the prime factors of f?
2, 3
Suppose -4*p - 4*i = 28, -4*p + 4*i + 33 = -9*p. Let w(t) = -3*t + 1. List the prime factors of w(p).
2
List the prime factors of (8/10)/((-2)/(-140)).
2, 7
Let y(r) = -1 + 0 - 4*r**2 + r**2 + 11*r**2. What are the prime factors of y(-1)?
7
Let o = -77 + 237. List the prime factors of o.
2, 5
Suppose -2*f - 3*f + 20 = 0. What are the prime factors of f?
2
Suppose -4*i = 5*k - 652, -652 = -4*i + k - 4*k. Let u be i/11 - (-4)/22. Suppose -2*m + 7 = -u. What are the prime factors of m?
11
Suppose -2*s - 2*x - 48 = -582, 780 = 3*s - 4*x. What are the prime factors of s?
2, 3, 11
Let c = 3 + -4. Let t(o) = 16*o**2 + o + 1. List the prime factors of t(c).
2
Let p be 20/(-3)*(-15)/2. Suppose -p = -10*y + 5*y. List the prime factors of y.
2, 5
Let n(o) = o**3 - 8*o**2 - 9*o + 11. What are the prime factors of n(9)?
11
Let w(g) = g**2 - 2*g - 3. Let m be w(4). Suppose 10 = -m*a + 95. List the prime factors of a.
17
Let x(c) be the first derivative of c**4/4 - c**3 + 2*c - 4. What are the prime factors of x(3)?
2
Let l(c) = c**3 + 10*c**2 - 14*c - 1. What are the prime factors of l(-9)?
2, 103
Suppose -z - 2*f + 4*f = 13, 0 = 3*z + 2*f + 79. Let u = 19 - z. Suppose 5*k - 2*k = u. List the prime factors of k.
2, 7
Let c = 597 - 401. What are the prime factors of c?
2, 7
List the